a multiple of 1221?
True
Is 195268424 a multiple of 334?
True
Does 85 divide 105294938?
False
Is 134932667 a multiple of 321?
False
Is 1155721058 a multiple of 399?
False
Is 5498 a factor of 265641368?
True
Does 92 divide 171485544?
False
Is 233830732 a multiple of 10?
False
Does 24 divide 5928936?
True
Is 12605472 a multiple of 18?
True
Is 77 a factor of 84195826?
False
Does 89 divide 88085517?
False
Is 55152283 a multiple of 14?
False
Does 4 divide 65477419?
False
Is 355138028 a multiple of 118?
False
Is 94274310 a multiple of 2966?
True
Is 31209056 a multiple of 1591?
True
Is 118476115 a multiple of 36?
False
Is 432465040 a multiple of 162?
False
Is 12212388 a multiple of 5?
False
Is 163 a factor of 3325978805?
False
Is 2473578 a multiple of 54?
True
Is 849575500 a multiple of 185?
True
Is 1311252575 a multiple of 183?
False
Is 111 a factor of 323981805?
True
Is 171 a factor of 6046360?
False
Is 3577136 a multiple of 358?
True
Is 1011 a factor of 283610775?
True
Is 200303562 a multiple of 54?
False
Is 16 a factor of 10829424?
True
Is 123 a factor of 162453658?
False
Does 5 divide 73938940?
True
Is 80 a factor of 525413808?
False
Does 103 divide 21827863?
True
Is 5 a factor of 6104014?
False
Is 98 a factor of 2062704?
True
Is 7565793 a multiple of 179?
True
Does 78 divide 28718500?
False
Does 16 divide 568111025?
False
Is 201 a factor of 154138659?
True
Does 10 divide 1091558240?
True
Is 567 a factor of 15048747?
True
Does 954 divide 4616549149?
False
Does 53 divide 113371346?
True
Does 3457 divide 985680582?
True
Is 3382 a factor of 389483241?
False
Does 14 divide 72358961?
False
Is 10 a factor of 374328339?
False
Is 106 a factor of 200602408?
False
Is 52 a factor of 102985938?
False
Is 151642080 a multiple of 240?
True
Does 17 divide 187122071?
False
Is 2792 a factor of 402001532?
False
Is 28 a factor of 234218180?
True
Is 351933120 a multiple of 552?
True
Does 13 divide 85001930?
True
Is 24473460 a multiple of 110?
True
Is 1477923837 a multiple of 4?
False
Does 9 divide 1799428932?
True
Is 16618314 a multiple of 6?
True
Does 238 divide 2506312074?
True
Is 27 a factor of 403566327?
True
Is 37550549 a multiple of 747?
False
Is 1599 a factor of 80392388?
False
Is 582242570 a multiple of 91?
True
Does 8 divide 45463032?
True
Is 328 a factor of 254342232?
False
Is 13 a factor of 164557566?
False
Is 11252815 a multiple of 47?
False
Is 3757395 a multiple of 15?
True
Is 11 a factor of 36890534?
False
Is 39 a factor of 1006264389?
True
Is 191955978 a multiple of 9?
True
Is 11 a factor of 217927702?
False
Does 1802 divide 258468436?
False
Does 143 divide 536169936?
False
Is 9241279 a multiple of 167?
True
Is 931912919 a multiple of 296?
False
Is 2142592975 a multiple of 1012?
False
Does 253 divide 17214626?
True
Is 15 a factor of 53853840?
True
Is 130360704 a multiple of 1095?
False
Is 17 a factor of 132264604?
False
Is 929 a factor of 199782379?
True
Is 354 a factor of 215742880?
False
Is 2 a factor of 163739?
False
Is 36 a factor of 881528347?
False
Is 732 a factor of 22955436?
False
Is 78 a factor of 4257708?
True
Does 462 divide 10017751?
False
Is 28 a factor of 148622320?
True
Does 1435 divide 97059095?
True
Does 59 divide 37366824?
True
Is 844 a factor of 604206509?
False
Is 185 a factor of 40280057?
False
Is 1897 a factor of 5229679952?
True
Is 12333757 a multiple of 7?
False
Does 41 divide 720296405?
True
Is 272 a factor of 116550190?
False
Is 64569330 a multiple of 3390?
True
Does 89 divide 14494610?
False
Is 570 a factor of 12585600?
True
Is 68301909 a multiple of 8?
False
Is 94 a factor of 2553796923?
False
Is 20319496 a multiple of 622?
True
Is 38439661 a multiple of 44?
False
Does 4208 divide 157250926?
False
Does 59 divide 16316275?
False
Is 3350259 a multiple of 129?
True
Is 196027221 a multiple of 629?
True
Is 352 a factor of 1128380352?
True
Is 5320746 a multiple of 49?
False
Is 2432774330 a multiple of 107?
False
Is 5 a factor of 2297810?
True
Is 541430426 a multiple of 46?
False
Is 566 a factor of 484225452?
True
Is 21250627 a multiple of 73?
False
Does 30 divide 48548310?
True
Is 78 a factor of 15230514?
True
Is 15342334 a multiple of 217?
True
Does 29 divide 983228934?
True
Is 1940 a factor of 201627128?
False
Is 2171910840 a multiple of 1705?
True
Does 486 divide 584554874?
False
Does 162 divide 73196664?
False
Is 447989672 a multiple of 977?
True
Is 1164 a factor of 4169201238?
False
Does 945 divide 609727230?
True
Is 57 a factor of 289731?
True
Does 38 divide 2409572?
False
Is 30 a factor of 22519544?
False
Is 136663305 a multiple of 151?
True
Is 131 a factor of 144438635?
True
Is 26676178 a multiple of 77?
False
Does 123 divide 116218272?
True
Is 1298 a factor of 248361490?
False
Does 292 divide 13603988?
True
Is 210 a factor of 2252319?
False
Is 103351117 a multiple of 344?
False
Does 59 divide 1554624807?
True
Does 6 divide 56494151?
False
Is 102158175 a multiple of 983?
False
Does 1450 divide 13503850?
True
Is 119 a factor of 6746461?
False
Is 199052075 a multiple of 25?
True
Does 15 divide 35368695?
True
Does 94 divide 1492546729?
False
Does 22 divide 92191804?
False
Does 607 divide 178195169?
True
Does 2914 divide 393357231?
False
Is 6358 a factor of 2255443278?
True
Is 131 a factor of 344265203?
False
Does 53 divide 11069543?
False
Is 123235008 a multiple of 6?
True
Is 163004460 a multiple of 15?
True
Does 4 divide 16622484?
True
Is 156276630 a multiple of 45?
True
Is 657 a factor of 5784680?
False
Does 22 divide 637176496?
True
Is 350 a factor of 29857709?
False
Is 677 a factor of 70368291?
False
Is 22 a factor of 1119021857?
False
Is 65 a factor of 3747869645?
True
Does 12 divide 18370464?
True
Is 1243599420 a multiple of 980?
True
Is 28 a factor of 54936728?
True
Is 121540636 a multiple of 834?
False
Is 33123400 a multiple of 20?
True
Is 280457105 a multiple of 60?
False
Does 6 divide 17821291?
False
Is 241 a factor of 1379074300?
True
Is 107 a factor of 2169080?
False
Is 1168 a factor of 56347845?
False
Is 47796980 a multiple of 7?
True
Is 12 a factor of 17796043?
False
Does 261 divide 282988989?
True
Does 97 divide 31453658?
False
Is 82614114 a multiple of 23?
True
Is 1263 a factor of 39670830?
True
Is 224592532 a multiple of 263?
True
Is 20 a factor of 1354354597?
False
Does 60 divide 83177366?
False
Is 59 a factor of 4102036714?
True
Does 1542 divide 151402812?
True
Does 14 divide 293371526?
True
Is 22901724 a multiple of 108?
True
Does 73 divide 80171867?
False
Does 73 divide 48472?
True
Is 3360526 a multiple of 26?
True
Is 44 a factor of 15129884?
True
Does 68 divide 9855475?
False
Is 51 a factor of 3685795249?
False
Is 1704717491 a multiple of 6030?
False
Is 1283207387 a multiple of 1674?
False
Does 7 divide 5146193?
False
Is 30792425 a multiple of 565?
False
Is 408743517 a multiple of 5805?
False
Is 2 a factor of 74477495?
False
Does 3 divide 3140096?
False
Is 626424742 a multiple of 15?
False
Is 61 a factor of 6834339?
False
Is 95728465 a multiple of 15?
False
Does 1078 divide 70202594?
True
Does 14 divide 646341206?
True
Does 1116 divide 975758976?
True
Is 35353460 a multiple of 23?
False
Is 20186836 a multiple of 269?
True
Is 19 a factor of 20663715?
False
Is 222 a factor of 43769520?
True
Is 588 a factor of 180195540?
True
Is 2940832 a multiple of 116?
True
Is 220 a factor of 42686402?
False
Does 42 divide 54275802?
True
Is 148 a factor of 43756376?
False
Does 112 divide 47800480?
True
Is 87 a factor of 758932491?
False
Is 58480924 a multiple of 25?
False
Is 1150 a factor of 32045900?
True
Is 24 a factor of 1159431432?
True
Is 1926 a factor of 9491328?
True
Is 157 a factor of 867681003?
False
Does 4707 divide 123078636?
True
Does 159 divide 949930236?
True
Does 64 divide 12101952?
True
Is 6 a factor of 41204628?
True
Is 28762722 a multiple of 522?
True
Does 66 divide 1558348366?
False
Does 15 divide 31341810?
True
Is 34282610 a multiple of 5?
True
Is 87 a factor of 1520982975?
False
Does 577 divide 39148296?
True
Does 5 divide 808255?
True
Is 11 a factor of 159134865?
False
Is 13 a factor of 25553903?
False
Is 10239540 a multiple of 471?
True
Is 236044475 a multiple of 25?
True
Is 84 a factor of 303348364?
False
Is 10628707 a multiple of 8?
False
Is 235367240 a multiple of 423?
False
Is 340660085 a